-11*d(p) - 4*j(p). Determine i(-9).
-3
Let w(k) = 2*k**3 + 2*k**2 + k - 8. Let c(h) = -38*h**3 - 33*h**2 - 7*h + 145. Let x(y) = -c(y) - 18*w(y). What is x(4)?
35
Suppose -75*j - 212 - 208 = 9*j. Let q(a) = 2*a**2 + 10*a - 7. Calculate q(j).
-7
Suppose -8*w + 25 = 73. Let b be (-3)/(63/w)*(2 - 9). Let i(j) = -j**3 - 2*j**2 - 4*j - 3. Calculate i(b).
5
Let s = -2245 - -2245. Let k(a) be the second derivative of 3*a - 1/20*a**5 + s + 1/6*a**3 + 1/2*a**2 + 1/12*a**4. Give k(2).
-1
Let z(w) = 11*w + 91. Let g(j) = 12*j + 106. Let x(y) = -6*g(y) + 7*z(y). Determine x(9).
46
Let l(v) = -7*v - 212. Let w be l(-31). Let g(k) = -4*k**2 - 22*k - 12. Let j(f) = -3*f**2 - 15*f - 8. Let b(h) = 5*g(h) - 7*j(h). Determine b(w).
-4
Let j(p) = -p**2 - 16*p - 46. Let d = 25410 + -25416. What is j(d)?
14
Let a(w) = -1032 - 3*w - 29*w + 1031. Determine a(-4).
127
Let y(d) = 7*d**3 + 132*d**2 - 16*d + 64. Let h be y(-19). Let x(u) = -u**2 + 7*u - 7. Give x(h).
-7
Let m = -3 + 5. Let d(a) = 6*a + 6*a**2 - a**3 - 3*a**2 + 1 - m. Let r be (-4)/(-20)*-2*-10. Calculate d(r).
7
Let j(o) = 53 - 27*o - 52 + 24*o. Let x = 17 + -16. Suppose -3*z + 8 = 2*p, 2*z + 5*p - 10 + x = 0. Give j(z).
-5
Let c(h) be the first derivative of h**4/4 - 31*h**3/3 + 15*h**2 + 2*h - 1299. Calculate c(30).
2
Let g(s) = 11*s + 6. Let z be g(1). Suppose 2*c - 3*o - 13 = 0, 2*o = 4*c - o - z. Let t(d) = -2087*d**2 + 2086*d**c - 6*d - d. Give t(-5).
10
Let v = 705 + -696. Let h(b) = -b**2 + 13*b - 18. Determine h(v).
18
Let g(y) = 5*y + 17. Suppose 3*q + 6 = 0, 5*i + 9*q - 37 = 5*q. Let v(n) = -n - 4. Let m(a) = i*v(a) + 2*g(a). Suppose 0 = 8*j - 3*j + 30. Calculate m(j).
-8
Let a(i) be the first derivative of -i**2/2 - 10*i - 54. Suppose -32*f - 3*w = -36*f - 48, -4*f - 2*w = 48. Give a(f).
2
Let v(g) = -g - 7. Let u be 42 + (-2)/2 - 46/(-46). Suppose -38*y - 48 = -u*y. Suppose -2*t = -3*n + 2*t - 15, -2*t = -2*n - y. What is v(n)?
2
Let a(l) = -315*l**3 + 3*l**2 + 2*l**2 - l + 2 + 314*l**3. Let m(y) = 4*y + 1. Let k = -24 + 25. Let t be m(k). Determine a(t).
-3
Suppose 0*v - 42 = -2*v. Let r be 14/v*(-15)/2 + 1. Let y(x) be the second derivative of x**5/20 + x**4/6 - x**3 - 3*x**2 - x. What is y(r)?
-14
Let i(j) = -j - 6. Let b = -180 + 189. Suppose b*p - 19 = -91. Calculate i(p).
2
Let p(m) = m**3 + 7*m**2 - 2*m - 11. Let l be p(-7). Let o(h) = -7 + l + 2 + h + 3. Let i(x) = 4*x + 45. Let c be i(-10). Determine o(c).
6
Let k = -263 - -297. Let l be ((-17)/k)/(2/4). Let x(z) = 19*z**3 - 3*z**2 - 2*z. What is x(l)?
-20
Let x(a) = 2*a**2 - 2*a - 11. Suppose 159*i + 52*i - 1055 = 0. Determine x(i).
29
Let l(q) = q**2 - 6 - 2 + 2*q + 2*q. Suppose 3*x - 48 = 2*o, 192*o + x - 42 = 197*o. Give l(o).
4
Let u(b) be the third derivative of -b**3 + b**2 + 0*b + 1/24*b**4 + 0. Let p(y) = -91*y + 1643. Let g be p(18). Determine u(g).
-1
Let g(l) = -2*l**3 - 13*l**2 + 6*l + 10. Let y = 6655 + -6662. Calculate g(y).
17
Let r(h) = 30*h + 22. Let w be 462/88*24/(-18). Give r(w).
-188
Let u(r) = -10*r**2 - 181*r - 82. Let g(s) = 5*s**2 + 91*s + 26. Let t(b) = -5*g(b) - 2*u(b). Calculate t(-19).
-4
Let o(p) = 2*p + 2 - p**2 - 4 - 79*p**3 + 83*p**3. Let n(u) = -u**3 + 11*u**2 + 2. Let l be n(11). What is o(l)?
30
Suppose 15*g + 3 - 3 = 0. Suppose 2*w - 18 = -0*p + 3*p, -3*w + 2*p + 22 = g. Let t(l) = -l**3 + 4*l**2 + 8*l - 8. Give t(w).
-32
Let y be (-80)/120*3*-3. Let s(p) = 34*p + 4 + 27*p - 93*p + 28*p. Determine s(y).
-20
Let a(f) be the second derivative of f**3 - 291*f**2/2 + 925*f - 3. Give a(48).
-3
Let m(o) = -5*o - 112. Let n = -4796 + 4774. What is m(n)?
-2
Suppose q = 5*w, 5*q - q = -2*w. Suppose 3*n + 5*g = -18 - 2, w = -3*n + 5*g - 10. Let f(y) = y**3 + 5*y**2 - 4*y + 2. Calculate f(n).
22
Let a(h) = h**3 + 2*h**2 - 2*h - 3. Let f(i) = -3*i + 35. Suppose -112 = -6*w - 16. Let y be f(w). Let d = y - -10. What is a(d)?
-6
Let l(m) = -276939*m - 4*m**2 + 276937*m + 5 - 2. Give l(4).
-69
Let l(p) be the second derivative of -p**5/60 - p**4/8 + p**3/3 + 14*p**2 + 17*p - 2. Let f(j) be the first derivative of l(j). Calculate f(-2).
4
Let i = -133 - -145. Let s be ((-16)/i)/(147/153 - 1). Let x = s + -35. Let c(k) = 3*k**3 + k**2 + k. Give c(x).
-3
Suppose 82*w + 376 = -235 - 45. Let k(h) = 3 + h**2 + 2 + 3 + 9*h. What is k(w)?
0
Let c = -12 + 18. Suppose 20*n = 22*n - 4. Let o(f) = 7 - 1 + 0*f**3 + 7*f**n - f**3 - 7*f. What is o(c)?
0
Let q(c) = -2*c**2 - 41*c + 120. Let z be 32/40*2530/(-88). What is q(z)?
5
Let v(a) = 103*a - 6 - 10*a**2 - 51*a + 7 - 51*a. Suppose 7*d - 4*f = 2*d - 13, 3*f = 2*d + 8. Determine v(d).
-10
Suppose -4*v = -a - 13, v + 13*a = 17*a + 22. Let x(c) = 20689*c - 6 - 3 - 20693*c + c**v. Calculate x(7).
12
Let t(o) = -o**3 - 2*o**2 + 2*o - 27. Let l(a) = -2*a**2 + 35*a. Let c be l(0). Calculate t(c).
-27
Let q(b) be the first derivative of -b**3/3 + b**2/2 + 2*b + 20. Let v(c) = 8*c**2 + 15*c - 2. Let u be v(-2). Determine q(u).
2
Let u(d) be the third derivative of -d**6/120 + d**5/60 + d**4/24 - d**3/6 + d**2. Suppose -10*g - 10 = -9 - 1. Give u(g).
-1
Let p = 5720 + -5725. Let i(l) = -2*l**2 + 2*l - 17. Determine i(p).
-77
Let n(x) = x + 1. Let q(a) be the first derivative of a**2 + 2*a + 54. Let r(v) = -8*n(v) + 5*q(v). Give r(3).
8
Suppose 5*o - 3*o + 2*i + 70 = 0, 5*o = -i - 167. Let h = o + 35. Let j(b) = 15*b**3 + 7*b + 10*b**3 + 6*b**2 - 26*b**3 + h. What is j(7)?
2
Let b(t) be the second derivative of 7/2*t**2 - 2 - 3*t - 1/2*t**3. Calculate b(8).
-17
Suppose -6*p + 4*l + 10 = 58, 0 = 4*l. Let t(g) = 7*g + 21. What is t(p)?
-35
Let t(p) = -p**3 + 4*p**2 - 1. Let k = 237 - 243. Let b be (1 - 6)*(-3)/((-45)/k). What is t(b)?
7
Let d(g) = -6*g + 54. Let c be d(7). Let a(b) = 3*b + 7 - 21*b**3 + 8*b**3 + c*b**3 + 5*b**2. Give a(6).
-11
Suppose -605*q = -612*q + 49. Suppose 0 = 2*l - l - 1. Let z(y) = -3 + y + 1 - 1 + l. Calculate z(q).
5
Suppose -2*q - 5*a = 2*q + 23, 3*q + 15 = -3*a. Let d = 5 + q. Suppose -y + 29 = -d*v + 3*y, -3*y - 1 = v. Let m(n) = -n - 7. Determine m(v).
0
Let x(n) be the first derivative of -3*n**4/4 + 4*n**3/3 - n**2/2 + 2*n + 31. Determine x(2).
-8
Let a = 37987 - 37986. Let i(k) = -16*k + 12. Calculate i(a).
-4
Let w(q) = 8*q**2 + 26*q + 1. Let n be w(-3). Let l(j) = -j**2 - 7*j - 11. Calculate l(n).
-1
Let r(o) = -17*o + 175 + 38*o - 48*o + 45*o. Determine r(-10).
-5
Let m(b) = -b**3 - 53*b**2 - 101*b + 59. Let z(o) = -108*o**2 + 2698*o - 1. Let r be z(25). Calculate m(r).
8
Let t(i) = -19*i**2 - 17*i + 2*i - 8*i - 2*i**2 + 45*i - i**3 - 4. Let j be ((-4)/(-1))/(2/(-11)). Let x be t(j). Let u(z) = z**2 + 6*z + 3. What is u(x)?
-5
Let n(u) = -u**2 - 11*u - 5. Let g = -49 - -64. Suppose -g*r + 12*r - 31 = -5*f, 0 = r - f + 9. What is n(r)?
23
Let t = -2114 + 2108. Let v(d) = -11*d - 24. What is v(t)?
42
Let o(z) = 52*z**2 + 6*z + 10. Let u be o(-3). Let p = -318 + u. Let h(m) = 144*m - 1 + p*m - 283*m + m**2. Determine h(3).
17
Let r(v) be the second derivative of -101*v + 0*v**3 + 19/12*v**4 + 3/2*v**2 + 0 - 1/20*v**5. Give r(19).
3
Let u = 1200 + -1204. Let n(f) = -188*f**2 + 5 + 0*f + 5*f + 189*f**2 - 1 + 4. Give n(u).
4
Let h = 8 - 11. Let m(p) be the first derivative of -240 - 11*p - 8*p - 6*p - p**2 + 25*p. What is m(h)?
6
Let g(t) = -t**3 - 8*t**2 + 6*t - 13. Let b(u) = -2*u**2 + 32*u - 65. Let k be b(2). Calculate g(k).
14
Let c(u) = u - 7. Let j be c(7). Let v(s) be the third derivative of j*s**3 + 1/12*s**4 + 1/120*s**6 + 0*s + 0 - 9*s**2 + 1/30*s**5. What is v(-2)?
-4
Let r be 4/10 + 44/(-10). Let s(t) be the first derivative of 112 - 1/4*t**4 - 5/3*t**3 - 2*t - 2*t**2. Give s(r).
-2
Let r = 64 + -70. Let l be 3/(-2) - 33/r. Let x(s) = 0 - 10 + 3 + l + s. Calculate x(4).
1
Let o(i) be the second derivative of i**5/10 + 13*i**4/6 + i**3/3 + i**2 + 9076*i. What is o(-13)?
-24
Let o(k) = -257*k - 18. Let h(u) = -90*u - 6. Let g(b) = 17*h(b) - 6*o(b). What is g(3)?
42
Let t = 30 + -41. Let g(d) = -d**2 - 9*d + 4. Let f be g(t). Let o be (-6)/8*120/f. Let u(p) = -p**3 + 6*p**2 - 4*p + 2. Give u(o).
7
Let y(h) be the first derivative of 207 + 1/2*h**2 + 5*h. Determine y(-2).
3
Suppose 0 = 11*z - 11 - 22. Let a(r) = -4*r + 20 - 19 + z*r. Give a(-8).
9
Let n(l) = -21*l**2 - 18*l**2 - 6 + 38*l**2 + 2*l - 11*l. Let o be (28/(-6))/((-3)/(-36)). L